{"id":1009,"date":"2025-11-25T09:40:32","date_gmt":"2025-11-25T09:40:32","guid":{"rendered":"https:\/\/nick-stein.com\/?page_id=1009"},"modified":"2026-01-03T08:52:47","modified_gmt":"2026-01-03T08:52:47","slug":"start","status":"publish","type":"page","link":"https:\/\/nick-stein.com\/","title":{"rendered":"Start"},"content":{"rendered":"\t\t<div data-elementor-type=\"wp-page\" data-elementor-id=\"1009\" class=\"elementor elementor-1009\">\n\t\t\t\t<div class=\"elementor-element elementor-element-3272f63 e-flex e-con-boxed e-con e-parent\" data-id=\"3272f63\" data-element_type=\"container\" data-settings=\"{&quot;background_background&quot;:&quot;classic&quot;}\">\n\t\t\t\t\t<div class=\"e-con-inner\">\n\t\t\t\t<div class=\"elementor-element elementor-element-4bac045 elementor-widget elementor-widget-heading\" data-id=\"4bac045\" data-element_type=\"widget\" data-widget_type=\"heading.default\">\n\t\t\t\t\t<h2 class=\"elementor-heading-title elementor-size-default\">SPANNUNG, PHILOSOPHIE, SPASS<\/h2>\t\t\t\t<\/div>\n\t\t\t\t\t<\/div>\n\t\t\t\t<\/div>\n\t\t<div class=\"elementor-element elementor-element-c374427 e-grid e-con-boxed e-con e-parent\" data-id=\"c374427\" data-element_type=\"container\">\n\t\t\t\t\t<div class=\"e-con-inner\">\n\t\t\t\t<div class=\"elementor-element elementor-element-28a1acf elementor-widget elementor-widget-image\" data-id=\"28a1acf\" data-element_type=\"widget\" data-widget_type=\"image.default\">\n\t\t\t\t\t\t\t\t\t\t\t\t<figure class=\"wp-caption\">\n\t\t\t\t\t\t\t\t\t\t\t<a href=\"https:\/\/nick-stein.com\/?page_id=800\" target=\"_blank\">\n\t\t\t\t\t\t\t<img fetchpriority=\"high\" decoding=\"async\" width=\"958\" height=\"958\" src=\"https:\/\/nick-stein.com\/wp-content\/uploads\/2025\/11\/Krimis-rund.png\" class=\"attachment-large size-large wp-image-1036\" alt=\"\" srcset=\"https:\/\/nick-stein.com\/wp-content\/uploads\/2025\/11\/Krimis-rund.png 958w, https:\/\/nick-stein.com\/wp-content\/uploads\/2025\/11\/Krimis-rund-300x300.png 300w, https:\/\/nick-stein.com\/wp-content\/uploads\/2025\/11\/Krimis-rund-150x150.png 150w, https:\/\/nick-stein.com\/wp-content\/uploads\/2025\/11\/Krimis-rund-768x768.png 768w\" sizes=\"(max-width: 958px) 100vw, 958px\" \/>\t\t\t\t\t\t\t\t<\/a>\n\t\t\t\t\t\t\t\t\t\t\t<figcaption class=\"widget-image-caption wp-caption-text\">KRIMIS<\/figcaption>\n\t\t\t\t\t\t\t\t\t\t<\/figure>\n\t\t\t\t\t\t\t\t\t<\/div>\n\t\t\t\t<div class=\"elementor-element elementor-element-6bba147 elementor-widget elementor-widget-image\" data-id=\"6bba147\" data-element_type=\"widget\" data-widget_type=\"image.default\">\n\t\t\t\t\t\t\t\t\t\t\t\t<figure class=\"wp-caption\">\n\t\t\t\t\t\t\t\t\t\t\t<a href=\"https:\/\/nick-stein.com\/?page_id=828\" target=\"_blank\">\n\t\t\t\t\t\t\t<img decoding=\"async\" width=\"600\" height=\"600\" src=\"https:\/\/nick-stein.com\/wp-content\/uploads\/2025\/11\/Thriller-rund.png\" class=\"attachment-large size-large wp-image-1037\" alt=\"\" srcset=\"https:\/\/nick-stein.com\/wp-content\/uploads\/2025\/11\/Thriller-rund.png 600w, https:\/\/nick-stein.com\/wp-content\/uploads\/2025\/11\/Thriller-rund-300x300.png 300w, https:\/\/nick-stein.com\/wp-content\/uploads\/2025\/11\/Thriller-rund-150x150.png 150w\" sizes=\"(max-width: 600px) 100vw, 600px\" \/>\t\t\t\t\t\t\t\t<\/a>\n\t\t\t\t\t\t\t\t\t\t\t<figcaption class=\"widget-image-caption wp-caption-text\">THRILLER<\/figcaption>\n\t\t\t\t\t\t\t\t\t\t<\/figure>\n\t\t\t\t\t\t\t\t\t<\/div>\n\t\t\t\t<div class=\"elementor-element elementor-element-e48b5c7 elementor-widget elementor-widget-image\" data-id=\"e48b5c7\" data-element_type=\"widget\" data-widget_type=\"image.default\">\n\t\t\t\t\t\t\t\t\t\t\t\t<figure class=\"wp-caption\">\n\t\t\t\t\t\t\t\t\t\t\t<a href=\"https:\/\/nick-stein.com\/?page_id=844\" target=\"_blank\">\n\t\t\t\t\t\t\t<img decoding=\"async\" width=\"644\" height=\"644\" src=\"https:\/\/nick-stein.com\/wp-content\/uploads\/2025\/11\/historisch-rund.png\" class=\"attachment-large size-large wp-image-1038\" alt=\"\" srcset=\"https:\/\/nick-stein.com\/wp-content\/uploads\/2025\/11\/historisch-rund.png 644w, https:\/\/nick-stein.com\/wp-content\/uploads\/2025\/11\/historisch-rund-300x300.png 300w, https:\/\/nick-stein.com\/wp-content\/uploads\/2025\/11\/historisch-rund-150x150.png 150w\" sizes=\"(max-width: 644px) 100vw, 644px\" \/>\t\t\t\t\t\t\t\t<\/a>\n\t\t\t\t\t\t\t\t\t\t\t<figcaption class=\"widget-image-caption wp-caption-text\">HISTORISCH<\/figcaption>\n\t\t\t\t\t\t\t\t\t\t<\/figure>\n\t\t\t\t\t\t\t\t\t<\/div>\n\t\t\t\t<div class=\"elementor-element elementor-element-e201b57 elementor-widget elementor-widget-image\" data-id=\"e201b57\" data-element_type=\"widget\" data-widget_type=\"image.default\">\n\t\t\t\t\t\t\t\t\t\t\t\t<figure class=\"wp-caption\">\n\t\t\t\t\t\t\t\t\t\t\t<a href=\"https:\/\/nick-stein.com\/?page_id=993\">\n\t\t\t\t\t\t\t<img loading=\"lazy\" decoding=\"async\" width=\"1200\" height=\"1205\" src=\"https:\/\/nick-stein.com\/wp-content\/uploads\/2025\/11\/NS-retina-logo.jpg\" class=\"attachment-full size-full wp-image-1041\" alt=\"\" srcset=\"https:\/\/nick-stein.com\/wp-content\/uploads\/2025\/11\/NS-retina-logo.jpg 1200w, https:\/\/nick-stein.com\/wp-content\/uploads\/2025\/11\/NS-retina-logo-300x300.jpg 300w, https:\/\/nick-stein.com\/wp-content\/uploads\/2025\/11\/NS-retina-logo-1020x1024.jpg 1020w, https:\/\/nick-stein.com\/wp-content\/uploads\/2025\/11\/NS-retina-logo-150x150.jpg 150w, https:\/\/nick-stein.com\/wp-content\/uploads\/2025\/11\/NS-retina-logo-768x771.jpg 768w\" sizes=\"(max-width: 1200px) 100vw, 1200px\" \/>\t\t\t\t\t\t\t\t<\/a>\n\t\t\t\t\t\t\t\t\t\t\t<figcaption class=\"widget-image-caption wp-caption-text\">SONSTIGE<\/figcaption>\n\t\t\t\t\t\t\t\t\t\t<\/figure>\n\t\t\t\t\t\t\t\t\t<\/div>\n\t\t\t\t\t<\/div>\n\t\t\t\t<\/div>\n\t\t<div class=\"elementor-element elementor-element-a5eeee3 e-grid e-con-boxed e-con e-parent\" data-id=\"a5eeee3\" data-element_type=\"container\">\n\t\t\t\t\t<div class=\"e-con-inner\">\n\t\t\t\t<div class=\"elementor-element elementor-element-4603bf1 elementor-widget elementor-widget-image\" data-id=\"4603bf1\" data-element_type=\"widget\" data-widget_type=\"image.default\">\n\t\t\t\t\t\t\t\t\t\t\t\t\t\t\t<img loading=\"lazy\" decoding=\"async\" width=\"1024\" height=\"1024\" src=\"https:\/\/nick-stein.com\/wp-content\/uploads\/2026\/01\/Bierhexe-reduziert-499-1024x1024.png\" class=\"attachment-large size-large wp-image-1450\" alt=\"\" srcset=\"https:\/\/nick-stein.com\/wp-content\/uploads\/2026\/01\/Bierhexe-reduziert-499-1024x1024.png 1024w, https:\/\/nick-stein.com\/wp-content\/uploads\/2026\/01\/Bierhexe-reduziert-499-300x300.png 300w, https:\/\/nick-stein.com\/wp-content\/uploads\/2026\/01\/Bierhexe-reduziert-499-150x150.png 150w, https:\/\/nick-stein.com\/wp-content\/uploads\/2026\/01\/Bierhexe-reduziert-499-768x768.png 768w, https:\/\/nick-stein.com\/wp-content\/uploads\/2026\/01\/Bierhexe-reduziert-499-1536x1536.png 1536w, https:\/\/nick-stein.com\/wp-content\/uploads\/2026\/01\/Bierhexe-reduziert-499-2048x2048.png 2048w\" sizes=\"(max-width: 1024px) 100vw, 1024px\" \/>\t\t\t\t\t\t\t\t\t\t\t\t\t\t\t<\/div>\n\t\t\t\t<div class=\"elementor-element elementor-element-3c24714 elementor-widget elementor-widget-text-editor\" data-id=\"3c24714\" data-element_type=\"widget\" data-widget_type=\"text-editor.default\">\n\t\t\t\t\t\t\t\t\t<p>2026 beginnt mit einer Zeitreise!<br \/>Reist mit Amalia zur\u00fcck ins Jahr 1251, erlebt Abenteuer mit ihr. Lohnt sich.<br \/>Zumal der gmeiner-Verlag und Hugendubel den Preis f\u00fcr das e-book stark reduziert haben&#8230;<br \/>Also nichts wie hin ins 13. Jahrhundert!<\/p>\t\t\t\t\t\t\t\t<\/div>\n\t\t\t\t\t<\/div>\n\t\t\t\t<\/div>\n\t\t<div class=\"elementor-element elementor-element-e3b6446 e-flex e-con-boxed e-con e-parent\" data-id=\"e3b6446\" data-element_type=\"container\">\n\t\t\t\t\t<div class=\"e-con-inner\">\n\t\t\t\t<div class=\"elementor-element elementor-element-e276f78 elementor-widget elementor-widget-heading\" data-id=\"e276f78\" data-element_type=\"widget\" data-widget_type=\"heading.default\">\n\t\t\t\t\t<h2 class=\"elementor-heading-title elementor-size-default\">NEUERSCHEINUNGEN:<\/h2>\t\t\t\t<\/div>\n\t\t\t\t\t<\/div>\n\t\t\t\t<\/div>\n\t\t<div class=\"elementor-element elementor-element-ebca8fc e-grid e-con-boxed e-con e-parent\" data-id=\"ebca8fc\" data-element_type=\"container\">\n\t\t\t\t\t<div class=\"e-con-inner\">\n\t\t\t\t<div class=\"elementor-element elementor-element-25ca20b elementor-widget elementor-widget-image\" data-id=\"25ca20b\" data-element_type=\"widget\" data-widget_type=\"image.default\">\n\t\t\t\t\t\t\t\t\t\t\t\t\t\t\t<img loading=\"lazy\" decoding=\"async\" width=\"1024\" height=\"764\" src=\"https:\/\/nick-stein.com\/wp-content\/uploads\/2025\/11\/Quantenkiller-Graphic-Hardcover-1024x764.jpg\" class=\"attachment-large size-large wp-image-1054\" alt=\"\" srcset=\"https:\/\/nick-stein.com\/wp-content\/uploads\/2025\/11\/Quantenkiller-Graphic-Hardcover-1024x764.jpg 1024w, https:\/\/nick-stein.com\/wp-content\/uploads\/2025\/11\/Quantenkiller-Graphic-Hardcover-300x224.jpg 300w, https:\/\/nick-stein.com\/wp-content\/uploads\/2025\/11\/Quantenkiller-Graphic-Hardcover-768x573.jpg 768w, https:\/\/nick-stein.com\/wp-content\/uploads\/2025\/11\/Quantenkiller-Graphic-Hardcover-1536x1147.jpg 1536w, https:\/\/nick-stein.com\/wp-content\/uploads\/2025\/11\/Quantenkiller-Graphic-Hardcover-2048x1529.jpg 2048w\" sizes=\"(max-width: 1024px) 100vw, 1024px\" \/>\t\t\t\t\t\t\t\t\t\t\t\t\t\t\t<\/div>\n\t\t\t\t\t<\/div>\n\t\t\t\t<\/div>\n\t\t<div class=\"elementor-element elementor-element-42d72bc e-grid e-con-boxed e-con e-parent\" data-id=\"42d72bc\" data-element_type=\"container\">\n\t\t\t\t\t<div class=\"e-con-inner\">\n\t\t\t\t<div class=\"elementor-element elementor-element-4334e3d elementor-widget elementor-widget-text-editor\" data-id=\"4334e3d\" data-element_type=\"widget\" data-widget_type=\"text-editor.default\">\n\t\t\t\t\t\t\t\t\t<p><strong>QUANTENKILLER<\/strong> &#8211; der neue Lukas-Jansen-Thriller. Seit KI und Quantencomputer auf dem Markt sind, werden die Bedrohungen gr\u00f6\u00dfer und die Aufgaben schwieriger; Deutschland versinkt im Chaos, und es braucht einen Chaoten aus Ostfriesland, um dem Land aus dieser hoffnungslosen Lage herauszuhelfen\u2026<\/p>\t\t\t\t\t\t\t\t<\/div>\n\t\t\t\t\t<\/div>\n\t\t\t\t<\/div>\n\t\t<div class=\"elementor-element elementor-element-0c15f48 e-grid e-con-boxed e-con e-parent\" data-id=\"0c15f48\" data-element_type=\"container\">\n\t\t\t\t\t<div class=\"e-con-inner\">\n\t\t\t\t<div class=\"elementor-element elementor-element-f31f875 elementor-widget elementor-widget-image\" data-id=\"f31f875\" data-element_type=\"widget\" data-widget_type=\"image.default\">\n\t\t\t\t\t\t\t\t\t\t\t\t\t\t\t<img loading=\"lazy\" decoding=\"async\" width=\"1024\" height=\"580\" src=\"https:\/\/nick-stein.com\/wp-content\/uploads\/2025\/11\/historischer-Roman-aus-dem-12-jh-1024x580.png\" class=\"attachment-large size-large wp-image-1219\" alt=\"\" srcset=\"https:\/\/nick-stein.com\/wp-content\/uploads\/2025\/11\/historischer-Roman-aus-dem-12-jh-1024x580.png 1024w, https:\/\/nick-stein.com\/wp-content\/uploads\/2025\/11\/historischer-Roman-aus-dem-12-jh-300x170.png 300w, https:\/\/nick-stein.com\/wp-content\/uploads\/2025\/11\/historischer-Roman-aus-dem-12-jh-768x435.png 768w, https:\/\/nick-stein.com\/wp-content\/uploads\/2025\/11\/historischer-Roman-aus-dem-12-jh-1536x870.png 1536w, https:\/\/nick-stein.com\/wp-content\/uploads\/2025\/11\/historischer-Roman-aus-dem-12-jh.png 1920w\" sizes=\"(max-width: 1024px) 100vw, 1024px\" \/>\t\t\t\t\t\t\t\t\t\t\t\t\t\t\t<\/div>\n\t\t\t\t\t<\/div>\n\t\t\t\t<\/div>\n\t\t<div class=\"elementor-element elementor-element-bafae8d e-grid e-con-boxed e-con e-parent\" data-id=\"bafae8d\" data-element_type=\"container\">\n\t\t\t\t\t<div class=\"e-con-inner\">\n\t\t\t\t<div class=\"elementor-element elementor-element-9bf1aff elementor-widget elementor-widget-text-editor\" data-id=\"9bf1aff\" data-element_type=\"widget\" data-widget_type=\"text-editor.default\">\n\t\t\t\t\t\t\t\t\t<p><strong>Die BIERHEXE<\/strong>: historischer Roman aus dem 12. Jahrhundert. Eine junge Heilerin und Bierbrauerin soll verheiratet werden, mit dem Falschen, ihr Bruder soll in einen Kreuzzug ziehen. Den beiden bleibt nur die Flucht, und nach dem Tod ihres Bruders ist sie ganz auf sich allein gestellt. Zudem ger\u00e4t sie in die F\u00e4nge eines geilen Bischofs. Verfolgen Sie den Weg Amalias durch die T\u00fccken und Wirren des Mittelalters!<\/p>\t\t\t\t\t\t\t\t<\/div>\n\t\t\t\t\t<\/div>\n\t\t\t\t<\/div>\n\t\t\t\t<\/div>\n\t\t","protected":false},"excerpt":{"rendered":"<p>SPANNUNG, PHILOSOPHIE, SPASS KRIMIS THRILLER HISTORISCH SONSTIGE 2026 beginnt mit einer Zeitreise!Reist mit Amalia zur\u00fcck ins Jahr 1251, erlebt Abenteuer mit ihr. Lohnt sich.Zumal der gmeiner-Verlag und Hugendubel den Preis f\u00fcr das e-book stark reduziert haben&#8230;Also nichts wie hin ins 13. Jahrhundert! NEUERSCHEINUNGEN: QUANTENKILLER &#8211; der neue Lukas-Jansen-Thriller. Seit KI und Quantencomputer auf dem Markt&#8230;<\/p>\n","protected":false},"author":1,"featured_media":0,"parent":0,"menu_order":0,"comment_status":"closed","ping_status":"closed","template":"","meta":{"_kadence_starter_templates_imported_post":false,"_kad_post_transparent":"enable","_kad_post_title":"show","_kad_post_layout":"default","_kad_post_sidebar_id":"","_kad_post_content_style":"unboxed","_kad_post_vertical_padding":"show","_kad_post_feature":"hide","_kad_post_feature_position":"","_kad_post_header":false,"_kad_post_footer":false,"_kad_post_classname":"","footnotes":""},"class_list":["post-1009","page","type-page","status-publish","hentry"],"_links":{"self":[{"href":"https:\/\/nick-stein.com\/index.php?rest_route=\/wp\/v2\/pages\/1009","targetHints":{"allow":["GET"]}}],"collection":[{"href":"https:\/\/nick-stein.com\/index.php?rest_route=\/wp\/v2\/pages"}],"about":[{"href":"https:\/\/nick-stein.com\/index.php?rest_route=\/wp\/v2\/types\/page"}],"author":[{"embeddable":true,"href":"https:\/\/nick-stein.com\/index.php?rest_route=\/wp\/v2\/users\/1"}],"replies":[{"embeddable":true,"href":"https:\/\/nick-stein.com\/index.php?rest_route=%2Fwp%2Fv2%2Fcomments&post=1009"}],"version-history":[{"count":56,"href":"https:\/\/nick-stein.com\/index.php?rest_route=\/wp\/v2\/pages\/1009\/revisions"}],"predecessor-version":[{"id":1454,"href":"https:\/\/nick-stein.com\/index.php?rest_route=\/wp\/v2\/pages\/1009\/revisions\/1454"}],"wp:attachment":[{"href":"https:\/\/nick-stein.com\/index.php?rest_route=%2Fwp%2Fv2%2Fmedia&parent=1009"}],"curies":[{"name":"wp","href":"https:\/\/api.w.org\/{rel}","templated":true}]}}